e value of -33 + (-3 - (-2 + 9)) + (45 - 25)?
-23
Evaluate 0 + 120 + -6 - (0 + 24 - (409 - 396)).
103
Evaluate -63 - 0 - (-145 + 16).
66
What is the value of -96 + 152 - (-9 + 56)?
9
What is the value of -14 - (-47 + 2 - (12 - 1))?
42
(-96 - -76) + 24 + -47 + 2
-41
Evaluate (-81 - (1 + 4) - ((-28 - -19) + 4)) + 6.
-75
What is -6 + (-9 + (5 - 7) + 18 - 11) + -40?
-50
What is the value of 53 + -27 + 4 + -25?
5
(0 + (2 - 1) - (85 - (-82 + 165))) + -67
-68
What is the value of 1 - -133 - ((-116 - -90) + 22 + 6 + -13)?
145
What is -40 + (-15 - -45) + 27?
17
Evaluate 29 + (25 + -58 - 46) - (-5 - 1).
-44
What is the value of 74 + (-8 - 36) + -43 - (4 - (-1 + 0))?
-18
Evaluate -24 + (34 - -2) + -18 - -38.
32
Evaluate 142 + (-254 - -125) - (-10 - 1).
24
What is the value of -6 + (6 - 4) - 8 - (84 - 52)?
-44
What is the value of -60 + 40 + 37 + -75 + (2 - 2)?
-58
What is the value of (6 - 20) + 73 + -44 - 45?
-30
Calculate (55 - (5 - 7)) + (-21 - (25 + -45) - 1).
55
What is the value of (87 - (-12 - -126)) + -45?
-72
(72 - -4) + -16 + 15
75
What is the value of -2 + 4 + -2 + -2 + 15 + -6?
7
Calculate -2 + -9 + -2 + 13 + (-5 - 1) + 63.
57
(6 - (-8 - 5)) + (-30 - 53)
-64
23 - (5 + 42 + -65)
41
What is the value of -2 + -51 + (-1761 - -1866)?
52
Calculate -12 + (-25 - -13 - -10) + 38.
24
Calculate -63 + 29 + -103 + 57.
-80
(-31 - ((242 - 230) + -1 + -24)) + (6 - -1)
-11
Evaluate 59 - (25 + -33 + 26 + -29).
70
What is the value of (839 - 830) + 1 + -13 + -1 + (-2 - 0)?
-6
-82 + (155 - 81) + (-12 - (-4 - -1 - -2))
-19
(1421 - 1471) + 14 + 0 + -3
-39
What is the value of 28 + 6 + (23 - (8 - 1))?
50
Calculate 13 - (-8 + (-42 - (-42 + -5))).
16
Evaluate -3 + 0 + 79 + (-64 - -141 - 98).
55
Evaluate 409 + -431 - (-89 - -2).
65
What is 1 + -3 - 8 - (-485 - -509)?
-34
-1 + (1 - -2) - (7 - -2) - (-520 - -481)
32
Calculate 9 + (-27 + 0 - (16 + -23 + -4)).
-7
Evaluate -50 + 37 + (92 - 33).
46
What is -52 - ((-42 - 58) + 41) - (-18 - 1)?
26
Evaluate -116 + 132 + -9 + (-1 - -58).
64
What is 27 - (-29 - -9) - (-1 + -1)?
49
Evaluate (-422 - -421) + -34 + 2 - -36.
3
What is -75 + (-60 - (-45 + -11))?
-79
Calculate -12 + (-19 - -29 - (8 + 11 + -7)).
-14
What is -34 + (-17 + -20 - -24) + 15?
-32
-16 - (6 + 1) - ((-11 - -11) + 10)
-33
Evaluate (-26 + 23 - (-1 + 6 - 102)) + 49 + -46.
97
-68 - (104 + -55 - 188)
71
-26 + (2 - 0 - (-69 + 50))
-5
28 - (-7 - (-20 - (-16 + -14))) - -7
52
What is the value of -67 + -15 + 9 + (0 - (-1 - 1)) - 4?
-75
Calculate 124 + (-54 - -74 - 132).
12
54 + -57 - 1 - (112 + -8)
-108
Evaluate -12 + (-6 - 3) + 6 - -18 - 8.
-5
Calculate -24 + -14 + (5 - (16 + -16)).
-33
Evaluate ((-5 - 5) + 21 - -10) + 4.
25
What is the value of -2 - (13 + (14 - (48 + -15)))?
4
What is 40 - -82 - (1 + -9 - -29)?
101
Evaluate -15 - 1 - (-379 + 349 + -1 + 84).
-69
What is -24 + (-1 + 1 - -1) + (102 - (19 - -88))?
-28
Evaluate (-68 - (2 + -173)) + (-7 - -10) + 21.
127
Evaluate -129 + 302 + (-11 - 120).
42
-12 + -8 + -21 + 37 + 2 + -3 - -81
76
Evaluate -56 + -71 + (-60 - -118) + (-1 - -11) - -8.
-51
Evaluate -23 - (-30 - -135 - (-11 - (-5 + -18))).
-116
Evaluate -6 + (9 - 28 - -44 - 46).
-27
What is 2 - ((45 - (-23 + 8 - -17)) + -6)?
-35
-6 + -1 - -14 - (-6 - (11 - (-28 + -10)))
62
Evaluate -16 + -6 + (-39 - -11) + 14.
-36
3 - (-10 + 0 + (-6 - -7 - -4))
8
-47 - (1 - 1) - (-574 + 555)
-28
(-5249 - -5182) + (-2 - (0 + -3 + -3))
-63
Calculate -21 - -64 - (6 - 5).
42
Evaluate 7 + (-33 - -23) + 0 - (-2 - (-6 + -2)).
-9
Calculate -77 + (25 - -33) - (3 + -5 + 15).
-32
Evaluate -39 - (103 + (-28 - -8) - 48).
-74
-22 + 44 + -12 - (11 - 34)
33
What is (-48 - -24) + (0 - -3) + 58?
37
-2 + (0 - 12) + -220 + 234 + -5
-5
Evaluate 58 + (1 - (5 + -1)) + (-27 - -9) + 22.
59
What is -52 + 1 + -1055 + 1082?
-24
What is the value of 11 + (-12 - (-9 + (-2 - -2))) + -5 - 22?
-19
What is -1 + (22 - 7) + 6 + 7 + 5?
32
Calculate 218 - 248 - (57 + -13).
-74
What is the value of (-15 - -65) + 3 + (61 - 31)?
83
(-2 - (-19 + 15)) + -13 + 36
25
What is 50 + (-3 + 37 + -14 - 1 - 14)?
55
What is the value of 37 + 18 + (-47 - 4)?
4
Evaluate -51 - 3 - (-441 + 414).
-27
Evaluate (-3 - -61) + (1 + 16 - (15 - 45 - -42)).
63
-170 + 545 - 352 - (17 + -2 + (-3 - -1))
10
Calculate 7 + (5 + -9 - -1 - -4) - 10 - 4.
-6
Evaluate -4 + -2 + 1 + (-4213 - -4183).
-35
What is the value of -11 - ((36 - 9) + -37) - 14 - (0 + -13)?
-2
Evaluate -25 - (3 + -7) - (2 - 54).
31
What is the value of 0 + -47 + 11 + (-1 - 3) + -51 + 38?
-53
Calculate (-7 - (103 + -104)) + -1 + -4.
-11
What is (-6 + 20 - 43 - (0 + 0 + 12)) + 9?
-32
Evaluate -20 + -3 + -22 + (89 - -28).
72
Evaluate -6 + 15 + -8 + -6 - (32 + 3 + 3).
-43
What is the value of 37 + -6 + -12 - 31?
-12
Calculate 101 + -115 - (73 + -18).
-69
Calculate (12 - -72) + -168 + 90.
6
21 + (6 + -23 - 9) - -58
53
What is the value of -38 + -117 + 249 - 195?
-101
What is the value of -29 - (9 + -21 + -8 + 9)?
-18
Calculate (-13 + 23 - 1) + -20 + 17.
6
What is the value of -45 + -12 + (1 - (-5 - (5 - 15)))?
-61
What is -13 - (-129 - -87 - -38)?
-9
What is 18 - (41 - (-66 + 17 + 30))?
-42
-8 - (-40 + 18 - (39 - 98))
-45
What is the value of -246 + 253 + (1 - (1 - 1)) - (-22 - -34)?
-4
What is -10 - (-4 - (-18 + 42)) - 30?
-12
45 - (132 + -68 + 36)
-55
Calculate (2 - 3) + -9 + -1 + (14 - (22 - 11)).
-8
What is -46 + (-34 - -120 - 34)?
6
Evaluate -5 - (9 - ((-8 - (-2 - 82) - 3) + -9)).
50
What is 40 + -11 + -1 + (274 - 276)?
26
Calculate (-37 - -53) + 8 - 26.
-2
What is (-13 + 108 - 86) + (-6 - -4) + -76?
-69
What is the value of 16 - 201 - (-110 - 5)?
-70
0 + -127 - (1183 - 1211) - -27
-72
Calculate -9 + (28 - 19) - (15 - 2) - 17.
-30
Calculate -34 + (7 - 10) - -34 - (-1 - (31 - 0)).
29
What is -3 - (69 + -2 + (2 - 8) + -13)?
-51
What is (70 - 125) + 5 - -53?
3
What is (77 - 45) + -4 + (8 - 1)?
35
15 + -42 + 1 + -5 + -2
-33
Calculate -4 - ((-18 - -10) + 15) - 13.
-24
Evaluate (6 - -19) + -13 + 1 + 6 + -3.
16
What is 61 + 0 - (32 - 1)?
30
What is (-20 - (27 + -63 - -24)) + (0 - -58)?
50
10 + 0 + (10 - (-7 - -5)) + -8
14
Calculate 8 + (-14 - -1 - (444 - 428)) - -120.
99
Calculate -13 + 0 - (-272 + 247) - 39 - -15.
-12
Evaluate -1 + (34 - 14) - (-16 - -22).
13
What is 17 + (6 + 27 - 25) + -11 + 2?
16
What is the value of 55 - -26 - (51 - 16)?
46
809 - 755 - (-6 - (-2 + 1))
59
-97 - -1 - (239 + -51 - 225)
-59
Calculate (14 - (61 - 30)) + (-19 - 3).
-39
Evaluate 40 - (-2 - -1) - (3958 - 3931).
14
What is the value of (-57 - -102 - 82) + 27?
-10
Calculate -58 + 5 + (-9 - -41) + -1.
-22
2 + -161 - (-1046 + 932)
-45
Evaluate -18 - (94 - (-87 - -276)).
77
What is the value of (20 - (41 + 14)) + -4 + 4 + 6 + 4?
-25
What is (-197 - -65) + 71 + -6?
-67
What is the value of -18 + (-10 - 11 - (-22 + 12 + -3))?
-26
What is the value of -3 - (3 - 38) - (1094 + -1081)?
19
Calculate 67 + -69 + (-1 - -2) - (0 - 8 - 3).
10
Calculate 1 + -82 + (-220 - (157 - 368)).
-90
-9 - -17 - ((-51 - -29) + 156)
-126
What is (-2 - -4) + (-5 - (6 - (11 - 14))) - -16?
4
Evaluate -13 + 9 - (6 - (0 + 1 - (58 + -7))).
-60
What is 5 - (-24 - (-151 + 7 + 22 + -24))?
-117
What is the value of (16 - (-2 + 11 - 4)) + 1 + (-21 - -23)?
14
What is 85 - ((11 - (2 + 20 + -12 - -5)) + -2)?
91
Calculate (-62 - -26) + (-6 - (8 - 18)) - -18.
-14
What is the value of -3 + 31 - ((12 + -2 - 1) + -26)?
45
Calculate 74 + -60 - (-10 - (-2 - (-3 + 3)) - 3).
25
-1 - (5 - 5) - 68 - ((66 - 43) + -16)
-76
Calculate -149 - (-21 - 76) - 46.
-98
What is -154 + 184 + -19 + 1 + 71?
83
What is 3 + (-4 + 14 - 45 - -2) + 8?
-22
What is the value of -9 + (103 - (2 + (-47 - -71))) + (12 - -1)?
81
Evaluate -16 - (5 + (-1 + 11 + -2 - 80)).
51
What is 150 + -144 + (7 - 29)?
-16
Evaluate (148 - 86 - 10) + 53.
105
What is -227 - (0 - 24 - 84)?
-119
What is the value of (-47 - 1) + 839 + -774?
17
Calculate (12 - 11 - 21) + 16 + -5 + -14.
-23
Evaluate (12 - -6) + -52 + (9 - 17) + 19.
-23
Calculate 98 + ((0 - 47) + 42 - -18).
111
Evaluate -6 + (17 - (-5 - -2) - (10 + -3)) + 45.
52
Calculate 6 + 2 - -27 - (71 - 64).
28
What is -6 + (0 - (-3 - -5)) + -2414 + 2472?
50
-16 - (263 - 289 - (-13 - 1))
-4
Calculate (-15 + -1 - -4) + 56 + 89.
133
What is the value of -3 - (30 + (43 - 46) - -16)?
-46
Evaluate (-18 - (0 + (37 - 16))) + -1.
-40
What is the value of -15 - (-41